 y be (11 - 2)/((-3)/9). Let r be (18/y)/(2/66). Let u = r + 32. What is the units digit of u?
0
Let x be (68/3)/(2/3). Suppose -2*g - 5*j = -x - 13, 0 = -5*g + 4*j + 68. What is the tens digit of g?
1
Let u(z) = 4*z**3 + 3*z**2 - 4*z + 1. What is the hundreds digit of u(3)?
1
What is the tens digit of 96 - 20/(-25)*-5?
9
Let h = 78 + -44. Suppose 0*p = 5*q + 4*p - h, 3*p = 2*q - 9. Suppose 6*b - q = 3*b. What is the units digit of b?
2
Let r = -5 + 15. What is the tens digit of r?
1
Suppose 0 = 2*z + 10 + 26. What is the units digit of z/(-4)*(-12)/(-9)?
6
Suppose -4*i + 8 = 0, -4*i + 32 = -4*v + 2*v. What is the units digit of (1 + -1)/(-2) - v?
2
Let b be 2 - -2*(-1)/(-2). Let u(n) = -5 + 2*n + b + 5 - n. What is the units digit of u(6)?
9
Let q(x) = 3*x + 10. Let l be q(-5). What is the units digit of 10/(l*(-8)/20)?
5
Let j = -66 + 105. What is the units digit of j?
9
Let v be (-4)/10 - 16/10. What is the units digit of 13 + 3 + v + -4?
0
Suppose 0 = -5*w + 7*w - 26. Suppose -4 = b - w. What is the units digit of b?
9
Let a(o) = o**3 - 4*o**2 - 3*o. Let d be a(4). Let n(p) = -p + 12. What is the units digit of n(d)?
4
Let v(y) be the third derivative of y**5/60 - 5*y**4/24 + 5*y**3/6 + 8*y**2. What is the tens digit of v(7)?
1
Suppose 0 = 2*s + 3*a + 10, -3*s + 8*a - 3*a = -23. Suppose p = 8 - s. What is the units digit of p?
7
Suppose 144 = 5*b + s, -3*s + 112 = 4*b + s. What is the units digit of b?
9
Suppose 3*p + 1 = 13. Suppose -w + o + 11 = 0, -2*o - 49 = -p*w + o. What is the tens digit of w?
1
Suppose 0 = 2*z - z + 4. Let k(l) = l**2 - 6*l + 5. Let i be k(5). Let u = i - z. What is the units digit of u?
4
Let x(v) = 15*v - 55. What is the hundreds digit of x(12)?
1
Let v be 805/21 + (-4)/(-6). Let j = v + -59. What is the tens digit of (j - 2)*(-6)/12?
1
Let c be 46/14 + 4/(-14). Suppose 2*r + c*z - 27 = 1, -20 = -5*r + 5*z. What is the units digit of r?
8
What is the tens digit of 62/(-6)*(0 + -3)?
3
Let n = -4 + 4. Suppose h - 2*j + 4*j + 6 = n, 4*j = 2*h - 28. What is the units digit of h?
4
Let x = 85 - 52. What is the units digit of x?
3
Suppose k + 4 - 6 = 0. Suppose -3 = -k*l + 1. Let s = 1 + l. What is the units digit of s?
3
Let q = -5 + 5. Suppose -2*x + 0 + 2 = q. Suppose 5 = d + x. What is the units digit of d?
4
Suppose -2*z - z = -4*d - 6, 0 = 5*z + d + 13. What is the units digit of 53 - (z + (-1)/1)?
6
Suppose -3*y - 94 = 140. Let q = y + 111. What is the tens digit of q?
3
Suppose 3*x + b - 152 = x, 3*x = -b + 226. What is the tens digit of x?
7
Suppose -260 = -8*x + 3*x. Let t = x + -34. What is the units digit of t?
8
What is the tens digit of (-11)/(220/(-3924)) + (-2)/10?
9
Let p(l) = 2*l**3 - 1. Let n be p(1). What is the units digit of 604/20 + n/(-5)?
0
Let k be 4/6 - 30/(-9). Suppose r = k*r - 30. What is the units digit of r?
0
Let s(g) = g**3 - 23*g**2 + 49*g - 20. What is the units digit of s(21)?
7
Let n be 16/(-24) - (-11)/3. What is the units digit of 1/n - 42/(-9)?
5
Suppose s = g - 13, g = -4*s + 6*g - 53. Let j(h) = -h - 7. What is the units digit of j(s)?
5
Let o be 4 + (3 - 1 - 24). Let q be 2/(-6) - (-32)/(-3). Let b = q - o. What is the units digit of b?
7
Let c(f) = 3*f**2 + 5*f + 6. Let d be c(5). Let u = d + -76. What is the units digit of u?
0
Suppose 3*k = 2*t - 7, 12 = 5*k - k. What is the units digit of t?
8
What is the units digit of (249 - 10/(-5)) + -3?
8
Let i be ((-14)/21)/((-1)/(-3)). What is the units digit of (20/8 + i)*62?
1
Let i(b) = -3*b + 1. Let a be i(-1). Let h be 30/a*4/5. What is the units digit of (4/6)/(4/h)?
1
Suppose -2*g + 22 = 3*g - 2*x, -1 = g + 5*x. Let y = g + -3. Let a = 2 - y. What is the units digit of a?
1
Let m be 1155/27 + 10/45. Suppose 0 = 2*o - 13 - m. What is the units digit of o?
8
Let c be 4/14 - (-220)/14. Let p = c + -10. What is the units digit of ((-4)/p)/((-4)/30)?
5
Let w be (-11)/(0 - (-3)/(-9)). What is the units digit of 2/(69/w - 2)?
2
Let h(f) = 11*f + 4. Let b be h(-2). Let p = b - -46. What is the tens digit of p?
2
Suppose 3*g = 7*g - 172. What is the tens digit of g?
4
Suppose -2*h = -3*r - 185, 5*h + 3*r = 2*h + 240. What is the tens digit of h?
8
Suppose 5*v - 2*g = 62, 5*g - 1 + 6 = 0. Let x = v - 9. What is the units digit of x?
3
Let a(k) = 2*k - 12. Let t be a(5). Let n = 4 - -1. Let h = t + n. What is the units digit of h?
3
Let c(n) = n**2 - 6*n + 2. Suppose 0 = -x - x + 12. What is the units digit of c(x)?
2
Let u be 1 - 5/((-5)/36). Suppose -3*s + 5*s - 99 = -3*z, -2*s = z - u. What is the tens digit of z?
3
Let p(d) = -d - 2. Let u be p(-2). Suppose 3*o + o - 64 = u. What is the tens digit of o?
1
Suppose i = o + o - 21, -4*o + i = -47. Let x be (-18)/(-1) + (-1 - -4). Let l = x - o. What is the units digit of l?
8
Let o be ((-10)/(-15))/(1/6). Let s(x) = -2*x - o + 4*x**2 - 3*x**2 + 1 + 2*x**2. What is the units digit of s(-2)?
3
Let k(p) = 2*p + 2. Suppose 0 = -d + 4*l - 2, -2*l = 3*d - d - 16. What is the units digit of k(d)?
4
Let c(x) = x**2 + x. Suppose 10 = 5*o, r - 4*r - 3*o + 21 = 0. Suppose 4 = -g + r*g. What is the units digit of c(g)?
2
Suppose 0 = 3*v + 14 + 10. Let c = v + 14. What is the units digit of c?
6
Let j(p) = p**2 + 3*p + 1. Let v be j(-3). Suppose -q + 4 + 2 = i, 0 = -i + 4. What is the units digit of v*(q - 35)/(-3)?
1
Let k be 9/2 + 5/10. Suppose 0 = s + s + k*q, 5*s = 5*q. Suppose 5*b + 2*x + s*x - 10 = 0, 0 = 4*b - 4*x - 8. What is the units digit of b?
2
Suppose -15 = 2*g - 7*g. Let f be 1/2*(-9 + 4 - -5). Suppose -2 = 2*d - 4*l, -g*d + 0*d - 2*l + 13 = f. What is the units digit of d?
3
Let p(v) = 7*v - 8*v**2 + v**3 - 3 + 9 + 0*v**3 + 4. What is the tens digit of p(7)?
1
Suppose 4*z = 3*f - 50 - 34, 0 = 3*z - 2*f + 64. Let g = -11 - z. What is the tens digit of g?
1
Suppose 2*x + 5*l - 19 = 0, -l + 5 = 2. Suppose -3*d + 73 = 2*s, -x = -3*s + 4. Let c = d - 14. What is the units digit of c?
9
Let m be 12/42 + 4/(-14). Suppose -4*h = -3*h + t - 18, m = -4*h - 5*t + 74. What is the units digit of h?
6
What is the units digit of (1/(-2))/(2/(-116))?
9
Let i be 3*((-6)/9)/(-1). Suppose 0*l = 3*l + 5*b - 12, -i*b - 12 = -3*l. What is the units digit of l?
4
Suppose 0 = -2*p - 2*p + 12. Suppose p*x - 3*m = 45, 65 = 5*x - 2*m - 10. What is the units digit of (0 + -1)/((-3)/x)?
5
Suppose 5*o = i - 20, -o - 3*i - 2 = 18. Let y(k) = 9 - 9 + 3*k + 10 - 2*k. What is the units digit of y(o)?
5
Let o be (-33)/6 + 1/2. Let g = 6 + o. Let y(b) = 11*b**2 - b. What is the units digit of y(g)?
0
Let f(q) = q - 8. Let d = 4 + -4. Let s be f(d). Let j = -3 - s. What is the units digit of j?
5
Let q = -158 - -263. Suppose 4*p = 7*f - 2*f - 70, -3*p = 5*f - q. What is the units digit of f?
8
Suppose -5 - 25 = -3*x. Suppose 2*q + 4 = -2*q, 2*k - 5*q = 25. What is the units digit of 2/k + 78/x?
8
Suppose s - 2*p = 8, s - 2*p = 2*p + 16. Suppose g - 2*o - 20 = -4*o, -2*g - 5*o + 45 = s. What is the units digit of g?
0
Suppose 4*i - 58 = 5*v, 0*v + 2*v = -3*i - 14. What is the tens digit of 6/(-10) + (-216)/v?
2
Suppose -2*f + 740 = 3*f. What is the tens digit of f?
4
Let u be 72/10 + (-4)/20. Suppose 2*z - 4*k = u*z - 101, -5*z + 5*k + 65 = 0. Suppose -10 = y + y, 0 = -2*x + 3*y + z. What is the units digit of x?
1
Let q(x) = 2*x**2 - 3*x. Let d be 4/((-8)/(-6))*1. Let l be q(d). Suppose l - 35 = -2*n. What is the units digit of n?
3
Let q(d) = -3*d + 6. Let m be q(4). Let g = -3 - m. What is the units digit of g?
3
Let r(h) = h**3 - 6*h**2 + 2*h + 4. Let q be r(5). Let l = q + 27. What is the units digit of l?
6
Suppose -2 = -g + 19. Suppose -d = -w + g - 6, 4*w = -5*d + 15. What is the units digit of w?
0
Let o = 192 - 74. Let k = -81 + o. What is the units digit of k?
7
Let s(r) = -5*r**3 - 5*r**2 + 4*r + 7. What is the tens digit of s(-4)?
3
Let l = 15 - 13. Suppose -s + 4*c = -23, l*s + 2*s = -c + 143. What is the tens digit of s?
3
Let x(q) = -q**3 - 6*q**2 - 6*q - 2. Let z be x(-5). Suppose -z*k + 5*l = 640, 2*l - 1112 = 5*k + 5*l. What is the tens digit of k/(-15) + (-2)/(-6)?
1
Let u = -8 - -11. Suppose 30 - u = 3*a. What is the units digit of a?
9
Let l = -148 + 259. What is the tens digit of l?
1
What is the tens digit of (-2)/(-3)*-6 - -32?
2
Let w(b) = -b**2 + 9*b - 2. Let o(i) = i**2 + 3*i - 4. Let j